3, 41
Let t(x) = 4*x**3 + 24*x**2 - 8*x - 13. Let f(u) = -7*u**3 - 47*u**2 + 17*u + 27. Let c(n) = -3*f(n) - 5*t(n). List the prime factors of c(-21).
5, 43
Let k = -42153 - -134735. List the prime factors of k.
2, 7, 17, 389
Let m = -3804 + 8408. List the prime factors of m.
2, 1151
Let i(h) = 17*h**3 + 3*h**2 - 18*h + 18. Let w be i(8). Suppose 1478 = 28*q - w. What are the prime factors of q?
2, 3, 61
Suppose 53*o = 54*o + 674. Let a = 785 + o. What are the prime factors of a?
3, 37
Suppose 550 = 7*b - 689. Let z = b - 77. List the prime factors of z.
2, 5
List the prime factors of 23969/154*7*2.
2179
Suppose 0 = 3*t - 2*b - 17086, 45*t - 50*t = -2*b - 28478. What are the prime factors of t?
2, 89
Let x(a) = -38*a - 43. Let u be x(-4). Let b = 366 + u. What are the prime factors of b?
5, 19
Let q(x) = -x**2 + 16*x - 61. Let t be q(7). Suppose 4*l = 2*c - 908, -c = 3*c + t*l - 1866. What are the prime factors of c?
2, 29
Let f(q) be the second derivative of q**4/6 - 21*q**2/2 - 5*q - 13. Let i = 15 - 25. What are the prime factors of f(i)?
179
Suppose -2265 = -0*r - 5*r. Suppose -3*m - 3*d = r, 171 = -m + d + 2*d. What are the prime factors of m/9*(-1)/((-2)/(-3))?
2, 13
Let v(s) = 7*s**2 - 20*s - 148. What are the prime factors of v(20)?
2, 563
Let o = -1878 - -2337. What are the prime factors of o?
3, 17
Suppose 0*l = -3*l - 39. Let c = l + 17. List the prime factors of (c*-4 - -2)/((-4)/10).
5, 7
Let r(d) = -83*d**3 - 14*d**2 - 92*d + 1. List the prime factors of r(-5).
2, 7, 107
What are the prime factors of (8 - 0) + (73835/5 - 6)?
3, 547
Suppose 2*d + 124 = -8. Let m = -20 - d. Let y = m + -18. What are the prime factors of y?
2, 7
Let u(j) = -23*j**3 + 19*j**2 + 7*j + 24. What are the prime factors of u(-5)?
3, 7, 53
Let s = -37 + 4. Let d be s/(-3) - 3 - 3. Suppose -335 + 84 = -5*o + z, 3*o - 173 = -d*z. What are the prime factors of o?
3, 17
Let f(b) = 5*b - 123. Let u be f(30). Suppose 0 = u*t - 19*t - 3168. List the prime factors of t.
2, 3, 11
Let i be ((-30327)/55)/(((-12)/10)/6). Suppose 4*t - 4756 = -3*s, 413 = 2*s + 2*t - i. What are the prime factors of s?
2, 3, 11
Suppose -57*p = -46*p - 6842. Let n = p - -249. List the prime factors of n.
13, 67
Let j = -3059 - -4385. What are the prime factors of j?
2, 3, 13, 17
Let u(w) = w**3 + 33*w**2 + 26*w + 861. Let a be u(-33). Let s(q) = -3*q**2 - 8*q - 2. Let m be s(6). List the prime factors of -4 + a - (0 + 1)*m.
157
Suppose -37 = -5*o + 193. Let l = -16 - o. Let t = l + 74. List the prime factors of t.
2, 3
Suppose 85*o - 1055784 = 49*o + 12*o. What are the prime factors of o?
43991
What are the prime factors of 3*-3*32541/(-27)?
10847
Let a(w) = 6*w**2 + 45*w - 9. Let f(z) = -7*z**2 - 47*z + 9. Let q(c) = -5*a(c) - 4*f(c). What are the prime factors of q(-7)?
2, 5, 17
Let y(u) = 8*u + 73. Let n be y(-17). List the prime factors of n/28*(-128)/3.
2, 3
Suppose -10*s = -3*s + 35. Let u(v) = v**2 + 5*v + 48. What are the prime factors of u(s)?
2, 3
Let m be 66/(-54) - (-2)/9. What are the prime factors of ((-10)/(-4))/(-9*m/1170)?
5, 13
Suppose 0 = n - 2*d - d, 5*n - 32 = -d. Suppose 3*m - 331 - 441 = -c, n = -3*m. Let z = -542 + c. What are the prime factors of z?
2, 59
Let r(h) = -232*h - 131*h + 30*h + 0 + 2. Let k be r(-4). What are the prime factors of ((-1)/(-2))/(k/(-668) - -2)?
167
What are the prime factors of (0 + 6)*1 + 38365 + (-7 - 3)?
3, 19, 673
Let z(r) be the second derivative of -7*r**5/4 + r**4/12 - r**3/2 + r**2/2 - 12*r. Let t be z(1). List the prime factors of -2 + 10/(4*(-3)/t).
2, 7
Let h(x) = x**3 - 9*x**2 + 14*x - 22. Let d be h(9). Suppose 21 = 2*y + 5*j, j + 3*j = 5*y - 3. Suppose y*m - d = m. What are the prime factors of m?
2, 13
Let n = -41 + 45. Suppose n*h = 2*b - 3*b + 5, -h = -1. What are the prime factors of b - -34*(-4)/(-2)?
3, 23
Let b = -1844 + 1312. Let x = b - -759. What are the prime factors of x?
227
List the prime factors of (11 + (-194024)/16)*(-4)/6.
41, 197
Suppose w - 3*r = -6*r + 2250, -3*w + 5*r + 6736 = 0. What are the prime factors of w?
3, 7, 107
Let s(w) = w**2 + 20*w + 41. Let k be s(-18). Suppose -63 = k*p - 53. List the prime factors of (-160)/p + (-30)/6.
3, 5
Let n = -15 + 31. Let v = 25 - n. Let m(t) = t**3 - 8*t**2 - 7*t + 11. List the prime factors of m(v).
29
Let b be 65 + (18/6 - (2 - -4)). Suppose 3*n = 2*y + 1046, -344 = -3*n - 4*y + 714. Suppose -64*p + n = -b*p. List the prime factors of p.
5, 7
Let g = -11 + 6. Suppose -5 = 5*i - 4*i. List the prime factors of 265*g/10*8/i.
2, 53
Let t(p) = -p**3 - p**2 + 7. Let l be t(0). Let c be (-156)/(-8)*(1 + (-92)/(-12)). Suppose 8 = -l*a + c. What are the prime factors of a?
23
Suppose 510153 + 223255 = 104*p. List the prime factors of p.
2, 41, 43
Let w(q) = -57*q + 3. Let g(a) = a + 1. Let o(v) = -3*g(v) + w(v). Let k be o(1). List the prime factors of ((-72)/k)/((-2)/(-155)).
3, 31
Suppose b = -4185 + 4342. Let k(h) = h**2 + 2*h + 2. Let g be k(-3). Suppose b = g*j - 1213. List the prime factors of j.
2, 137
Let c be (-2)/8 - 303/(-12). Suppose -3*u + 5 = -2*u, n = 4*u - c. What are the prime factors of 164/n*25/(-10)?
2, 41
Let t(o) = o + 23. Let b be t(-18). Let z be ((7 - b) + -1)/(1/137). Suppose 3*m + j = 597 - 153, 0 = m + 4*j - z. What are the prime factors of m?
149
Let p = 58 - -907. Let h = -384 + p. What are the prime factors of h?
7, 83
Let w be 2/4 - (-591)/6. Suppose -w = 7*n - 1177. Let l = -109 + n. What are the prime factors of l?
3, 5
Let z(w) = 15*w**2 - 4*w + 2. Let g be z(-2). Suppose -1596 = g*r - 77*r. What are the prime factors of r?
2, 3, 19
Suppose -3*d + 3*r + 24 = 0, -3*r = -0*r. Suppose -2*j - 232 = -3*x, -j + 0*j - 311 = -4*x. Suppose d*m - x = 858. List the prime factors of m.
3, 13
List the prime factors of (-1 - 2 - -4)/((-475839)/(-47583) + -10).
17, 311
Suppose -14*i + 10*i + 2958 = 5*t, 4*t - 2960 = -4*i. What are the prime factors of i?
2, 7, 53
Suppose -1858*m - 5316220 = -1950*m. List the prime factors of m.
5, 7, 13, 127
Let p be (14/(-10))/(18/(-90)). Let k = p - 13. What are the prime factors of (268/k)/(2/(-6))?
2, 67
Let f = -6554 - -20939. What are the prime factors of f?
3, 5, 7, 137
List the prime factors of (332/3 - -2)*(-16 + 19)*39.
2, 3, 13
Suppose 2*l - 9 = 5*n, -6*n + n = -3*l + 26. Suppose 2*m - 6459 + 6417 = 0. Let q = m - l. What are the prime factors of q?
2
Suppose 4 = -5*v + 2*p, -5*v - 2 = -p - 0. Suppose -5*o - 8 + 38 = v. What are the prime factors of (o - 3)/((-1)/(-29) - 0)?
3, 29
Suppose 0 = 10*s - 7*s + 147. Let r = s + 50. List the prime factors of 180*r + -5 - -2.
3, 59
Let s be 2/4*1*-2. Let c be (-3 - -4)*(s - 0). What are the prime factors of 3 + 78 - (5 + c)?
7, 11
Let t be -175 + -6*5/(-30). Let a = t - -457. What are the prime factors of a?
283
Let w be (0 - -1)*(-3 + 2)*-1. List the prime factors of (41875/100 + 2/8)/w.
419
Suppose f - 5*l - 31609 = 2274, 5*l + 40 = 0. What are the prime factors of f?
3, 29, 389
Let n(q) = -276*q**2 - 2*q - 5. Let o be n(-1). Let c = 1383 + o. What are the prime factors of c?
2, 3, 23
Let o(g) = -g**2 - 23*g - 89. Let i be o(-24). Let c = 128 + i. List the prime factors of c.
3, 5
Let d(l) be the third derivative of l**7/630 + l**6/120 - 3*l**5/10 - 18*l**2. Let k(w) be the third derivative of d(w). What are the prime factors of k(11)?
2, 47
Let s be 2/((1 + 0)*(-19)/(-57)). Let g(h) = 8*h + 4. Let q(z) = -z. Let w(b) = g(b) - 3*q(b). List the prime factors of w(s).
2, 5, 7
Let x(s) = s**3 + 25*s**2 + 14*s - 38. Suppose -20*j + 79 = 539. List the prime factors of x(j).
2, 349
Suppose -4*i - 1984 = -8*i + 4*h, 0 = -2*i - 4*h + 968. Let a = 714 - i. List the prime factors of a.
2, 3, 37
Suppose -52*u + 1800525 = -316395. List the prime factors of u.
2, 3, 5, 23, 59
Let k(c) = 2*c**2 + 27*c - 2. Suppose 5*y = 5*n + 155, 2*y + 3*y + 69 = -3*n. List the prime factors of k(n).
2, 3, 5
Suppose -5*a - 20 = 4*b, -2*a - 4 - 4 = -4*b. Suppose p + b*p = 0. Suppose p*j + j - 23 = 0. List the prime factors of j.
23
Suppose 126*f - 1251462 - 3997991 = -83*f. What are the prime factors of f?
25117
Suppose -6897 = 11*h - 1639. Let x = 820 + h. What are the prime factors of x?
2, 3, 19
Let z = -322 + 650. Suppose 4*r - z - 340 = 0. List the prime factors of r.
167
Let q = 2